 when l(n) is divided by 18?
17
Suppose 56 = 2*f + 2*f. What is the remainder when 53 is divided by f?
11
Let d = 62 + -11. What is the remainder when d is divided by 18?
15
Let n = 3 - -10. Calculate the remainder when 49 is divided by n.
10
Let f(d) = -2*d**3 - 4*d**2 + 5*d - 7. Let z(r) = -3*r**3 - 9*r**2 + 9*r - 14. Let c(i) = 5*f(i) - 3*z(i). What is the remainder when c(6) is divided by 11?
9
Suppose 0 = 5*s + 7 - 2. Let y(c) = -13*c. What is the remainder when y(s) is divided by 40/6 + 2/6?
6
What is the remainder when 130 is divided by -2 + ((-2)/6 - 43/(-3))?
10
Suppose 0 = -4*d + l + 15, -d + 5*l + 18 = -0. Calculate the remainder when -1 - ((-2 - -4) + -6) is divided by d.
0
Suppose 4*z + 4*a - 82 = 2*z, 4*a = 4. Calculate the remainder when 20 is divided by 186/26 - 6/z.
6
Suppose 5*r + 3*j + 175 = 10*r, 140 = 4*r - 3*j. Suppose 53 = 4*u - 5*t, 2*t + 26 = u + u. What is the remainder when r is divided by u?
11
Suppose -8 = -4*i - 0. Suppose -44 = -2*m - i*m. What is the remainder when 32 is divided by m?
10
Let k(n) = n**3 - 5*n**2 + 4*n. Let x be k(4). Let h(a) = -6*a + 0*a + x*a - a**2. Calculate the remainder when h(-5) is divided by 3.
2
Let s = -15 + 25. Suppose 0 = -h + 33 + 6. What is the remainder when h is divided by s?
9
Let d(g) = 15*g - 2. Suppose 4*l - 42 = -4*a + 78, 4*a - 110 = -2*l. Calculate the remainder when d(5) is divided by a.
23
Suppose -4*x - 4 = 0, 3*v - 4*x + 6*x = 16. Suppose 25 = -3*u + 8*u. Suppose -o - u = -v*o. Calculate the remainder when 2 is divided by o.
0
Suppose 5*n - 3*i - 53 - 10 = 0, -5*i - 17 = -n. What is the remainder when (3 + 1 + -5)*(-47)/1 is divided by n?
11
Suppose 0*v + 6 = -2*v + 4*c, -2*c = v - 9. Suppose -2*k = 2*t - 0*t - 16, 2*t = -v*k + 11. What is the remainder when 37 is divided by t?
11
Let u be -2 - 1/((-4)/116). Suppose 2*g + k + 30 = 0, g = -5*k - 1 + 4. Let f = u - g. Calculate the remainder when f is divided by 15.
14
Suppose 0*j - 2*q - 16 = -4*j, -j + 1 = q. Suppose -1 = 3*s - 4. Let y = 1 + s. What is the remainder when j is divided by y?
1
Suppose 0 = 3*x - x - 4. Suppose -o + x = -13. Calculate the remainder when 44 is divided by o.
14
What is the remainder when -34*1/((-2)/1) is divided by 11?
6
Suppose 4*q - d + 2*d = 69, 4*d + 47 = 3*q. Let l = -77 + 110. Calculate the remainder when l is divided by q.
16
What is the remainder when 208/7 - (-2)/7*1 is divided by 16?
14
Let o = -3 - -20. Suppose 7 + o = 4*y. What is the remainder when (7 - 2)*(3 - 1) is divided by y?
4
Suppose -5*y + 10*y = 110. Suppose 2*t = -g + y, g = -2*g - 3*t + 60. Calculate the remainder when 52 is divided by g.
16
Let o = -8 - -11. Suppose 4*h - 6 = -2*c, 0 = o*h - 0*c + 5*c - 1. Suppose -4 = -h*d + s, 2*d + d - 15 = -3*s. Calculate the remainder when 11 is divided by d.
2
Let r be 24 + (-2 - (-1 - 1)). Suppose -16 = 3*q - g, -3*q + 2*g = 5*g + r. Let m = q - -13. What is the remainder when m is divided by 5?
2
Suppose 5*b - 5*r - 59 - 16 = 0, 4*b + 5*r = 33. Suppose 242 = 9*f + 2*f. What is the remainder when f is divided by b?
10
Let u = 12 - 12. Calculate the remainder when 2*((-54)/(-4) - u) is divided by 15.
12
Let x = 34 - 13. Calculate the remainder when x is divided by 6.
3
Let s = -15 + 7. Let u = s + 27. Let i = 117 - 80. What is the remainder when i is divided by u?
18
Let n = 5 - 0. Calculate the remainder when 19 is divided by n.
4
Let h = -8 + 31. Let d = h + 7. What is the remainder when d is divided by 8?
6
Suppose r - 4*r = -12. Suppose -2*a + 3 = -1. What is the remainder when 20/a*(-1)/(-1) is divided by r?
2
Let u(a) = a**2 + 2. What is the remainder when 16 is divided by u(-1)?
1
Let t = 69 - -10. What is the remainder when t is divided by 20?
19
Let k(r) = r**2 - 3*r + 4. Let v be k(7). Let m = v - 15. What is the remainder when m is divided by 6?
5
Let r(x) = x**2 + x - 9. Calculate the remainder when r(-7) is divided by (-2)/(3 + (-19)/6).
9
Suppose -12 = -2*u + 2*a, -4*u - 2*a + 20 = -2*u. Calculate the remainder when 39 is divided by u.
7
Suppose 3*f - 5*f = -3*r + 8, 2*r - 9 = 5*f. What is the remainder when f + 0 + 1 - -79 is divided by 27?
25
Let d(r) = r**2 + 16*r + 19. Calculate the remainder when 46 is divided by d(-15).
2
Suppose 2*i - 3*w - 45 = 0, 27 = i - 2*w - w. Calculate the remainder when 53 is divided by i.
17
Suppose -2*d = -3*z + 36, -38 = 5*z - 4*d - 98. What is the remainder when 130 is divided by z?
10
Suppose 0 = p - 25 + 6. What is the remainder when 55 is divided by p?
17
Let q(g) = 2*g**2 + 2*g + 3. Let j(x) = x - 2. Let t be j(0). Let y = -34 - -47. Calculate the remainder when y is divided by q(t).
6
Suppose 2*f = -5*x - 1, 2*x = -2*f - 2*x + 2. Suppose -4*d + 0*d + 16 = 0. What is the remainder when f is divided by d?
3
Let g(n) = -n**2 + 7*n - 15. Let f be g(6). Calculate the remainder when (f/5)/((-36)/240) is divided by 7.
5
Suppose 2*g + 7 + 17 = b, -2*g - 3*b - 24 = 0. Let h(d) = 2*d - 2. Let s be h(g). Let p = 2 - s. What is the remainder when p is divided by 15?
13
Let a be -2 + (-3)/(6/(-76)). Suppose j + a = 5*j. Let z(m) = 2*m**2 + 4*m - 4. Calculate the remainder when z(3) is divided by j.
8
Suppose -2*s + 0*u + 28 = 2*u, 3*s = -4*u + 38. What is the remainder when s is divided by (-5)/((1*-2)/4)?
8
Suppose -31*f = -26*f - 110. What is the remainder when 108 is divided by f?
20
Let a(t) = t**3 - 8*t**2 - 6*t - 22. Let i be 1*(0 + -1*2). Let f = i + 6. What is the remainder when a(9) is divided by f?
1
Suppose -8*z + 23 = 7. Calculate the remainder when 3 is divided by z.
1
Calculate the remainder when 35 is divided by (20 + -17)*(0 + 2).
5
Suppose -5 = r, -29 = -3*n - 0*r + 4*r. Let s = 69 - 37. Suppose n*b = -b + s. What is the remainder when 23 is divided by b?
7
Suppose -3*u - 2 = -3*v - 32, 0 = 5*u - 5. Let z(r) = -3*r - 10. What is the remainder when z(v) is divided by 6?
5
Suppose i + 64 = 4*u, 2*u - 3*i - 13 = 29. Let n = -7 - -34. Calculate the remainder when n is divided by u.
12
Suppose 2*d = -y + 7, 2*d - 11 = -2*y - 3. Let l(k) = 2*k + 3 + 3*k**2 - 3*k**2 + 2*k**2. What is the remainder when l(-2) is divided by d?
1
Let h(t) = t**3 + 9*t**2 - 8*t - 2. Calculate the remainder when h(-9) is divided by 18.
16
Suppose 0 = s - 3*s - 4. Let i(z) = -2*z + 4. What is the remainder when i(-5) is divided by s - -7 - (-3 - 0)?
6
Let x = 6 - 3. Let o = x - 3. Suppose o = -0*j - j + 7. What is the remainder when 20 is divided by j?
6
Let b(w) be the first derivative of -w**4/4 + w**3/3 - w**2 + 34*w + 6. What is the remainder when b(0) is divided by 7?
6
Suppose -20 + 0 = -5*g. Suppose 4*h - 12 = -g*u, 3 = u - 0. Suppose 3*v = -n + 36 - 7, 2*n + v - 33 = h. Calculate the remainder when 26 is divided by n.
12
Suppose -5*p + 2*y = -28, 4*p - y = y + 24. What is the remainder when 29 is divided by p?
1
What is the remainder when 59 - (-1 + 6)/(-5) is divided by 21?
18
Let y(a) = 2*a**2 + a. Calculate the remainder when 0/(-2) - 84/(-28) is divided by y(-1).
0
Suppose 40 - 5 = 5*z. Suppose -z*k = -2*k - u - 80, 5*k - 2*u - 75 = 0. What is the remainder when ((-9)/(-6))/(2/44) is divided by k?
16
Let j be (-1)/((10/138)/(-5)). Suppose 0 = 5*d + g - j, 4*d - 40 = 3*g - 0*g. Let b = d - 0. What is the remainder when b is divided by 7?
6
Suppose -a = -3*t + 9, 5*a - 6 = -4*t + 6. Suppose 2*w - 5*z = -3*w + 45, -4*w + z + 27 = a. Let v = 7 - 5. Calculate the remainder when w is divided by v.
0
Let j = -189 + 220. What is the remainder when j is divided by 11?
9
Let y = -1 - -6. Let u(o) = -o**2 + 7*o - 3. Calculate the remainder when u(4) is divided by y.
4
Let i(k) = 2*k**2 + 2*k + 10. What is the remainder when i(5) is divided by 37?
33
Let m be 0 + (9 - 0) + -1. Let o = 13 - m. What is the remainder when 8 is divided by o?
3
Let h(y) = -2*y**2 - 1 + y**2 - 4*y + y**3 + 0*y**2. Let d be h(3). Suppose 0*s = -4*s - 16, 4*s = d*i - 31. What is the remainder when 3 is divided by i?
0
Suppose v + 2*v - 102 = 0. Suppose 3 = 2*u + 13, 5*b + 5*u - 20 = 0. Calculate the remainder when v is divided by b.
7
Suppose s - 3*s = -40. Let m(x) = 3*x**2 + 3*x + 1. What is the remainder when s is divided by m(-2)?
6
Let d be (3/3 + -1)/2. Suppose 3*j - 5*j + 36 = d. What is the remainder when j is divided by 10?
8
Suppose u = -3*u + 24. Let k(m)